
What are the prime factors of 521102858?
2, 23, 647, 17509
What are the prime factors of 365061187?
365061187
What are the prime factors of 251574799?
7, 35939257
What are the prime factors of 2164086229?
37, 58488817
What are the prime factors of 299961596?
2, 11, 6817309
What are the prime factors of 387984889?
107, 1031, 3517
What are the prime factors of 104820676?
2, 79, 331711
List the prime factors of 664248231.
3, 337, 389, 563
List the prime factors of 2987238905.
5, 7, 85349683
What are the prime factors of 1041319929?
3, 13, 97, 275263
List the prime factors of 2893771147.
37, 619, 126349
What are the prime factors of 41955988?
2, 10488997
What are the prime factors of 48575788?
2, 149, 547
List the prime factors of 167839178.
2, 13, 37, 174469
List the prime factors of 308929877.
308929877
List the prime factors of 417216822.
2, 3, 11, 17, 371851
What are the prime factors of 2894654080?
2, 5, 1787, 2531
List the prime factors of 60208540.
2, 5, 7, 430061
What are the prime factors of 2077962783?
3, 13, 647, 82351
List the prime factors of 98255705.
5, 19651141
What are the prime factors of 398110702?
2, 11, 18095941
List the prime factors of 1354758704.
2, 13, 1931, 3373
What are the prime factors of 610852714?
2, 305426357
List the prime factors of 362209329.
3, 40245481
List the prime factors of 2191551379.
17, 199, 311, 2083
What are the prime factors of 6668335159?
6668335159
List the prime factors of 3051277147.
17, 179486891
What are the prime factors of 514705805?
5, 102941161
What are the prime factors of 114951600?
2, 3, 5, 37, 863
What are the prime factors of 10782491?
10782491
What are the prime factors of 325510130?
2, 5, 11, 2959183
What are the prime factors of 432284157?
3, 48031573
What are the prime factors of 744672954?
2, 3, 124112159
What are the prime factors of 1154021050?
2, 5, 7, 13, 19, 1907
List the prime factors of 269906558.
2, 211, 639589
List the prime factors of 2131604228.
2, 13, 17, 79, 131, 233
List the prime factors of 1300279624.
2, 7, 31, 313, 2393
What are the prime factors of 1305460729?
4877, 267677
What are the prime factors of 1900608501?
3, 11, 709, 81233
List the prime factors of 3768242697.
3, 19, 23, 263, 3643
List the prime factors of 53507265.
3, 5, 7, 43, 1693
What are the prime factors of 205814887?
205814887
List the prime factors of 829400858.
2, 11, 13, 727, 3989
List the prime factors of 33540678.
2, 3, 1863371
What are the prime factors of 65852930?
2, 5, 11, 13, 46051
What are the prime factors of 5762269914?
2, 3, 8161, 117679
What are the prime factors of 277643586?
2, 3, 11, 4206721
List the prime factors of 720398134.
2, 23, 15660829
List the prime factors of 119687817.
3, 2207, 18077
List the prime factors of 278944585.
5, 17, 3281701
List the prime factors of 388899582.
2, 3, 17, 3812741
What are the prime factors of 153204049?
19, 8063371
List the prime factors of 11108005.
5, 53, 167, 251
What are the prime factors of 4178865404?
2, 7, 17, 127, 69127
What are the prime factors of 4021822?
2, 7, 41039
List the prime factors of 48185160.
2, 3, 5, 31, 12953
What are the prime factors of 2703845205?
3, 5, 2225387
What are the prime factors of 319532028?
2, 3, 4993, 5333
List the prime factors of 305420140.
2, 5, 659, 23173
What are the prime factors of 51225349?
7, 19, 385153
List the prime factors of 29972123.
29972123
What are the prime factors of 9165308?
2, 2291327
What are the prime factors of 39033737?
23, 229, 7411
What are the prime factors of 376362617?
43, 8752619
List the prime factors of 13239045.
3, 5, 97, 337
List the prime factors of 160965049.
7, 1091, 3011
List the prime factors of 1588411952.
2, 99275747
List the prime factors of 148855980.
2, 3, 5, 7, 13, 137, 199
List the prime factors of 90506874.
2, 3, 439, 34361
List the prime factors of 171835584.
2, 3, 151, 5927
List the prime factors of 3725467891.
53, 70291847
What are the prime factors of 1392592485?
3, 5, 17, 61, 89527
What are the prime factors of 1254291051?
3, 13, 2879, 11171
List the prime factors of 51997516.
2, 12999379
What are the prime factors of 220680280?
2, 5, 127, 43441
What are the prime factors of 262233954?
2, 3, 14568553
List the prime factors of 15729969.
3, 5243323
List the prime factors of 373940489.
13, 863, 33331
What are the prime factors of 479739855?
3, 5, 7, 4568951
List the prime factors of 70131939.
3, 223, 104831
List the prime factors of 2760385619.
29, 823, 115657
List the prime factors of 409858595.
5, 19, 29, 31, 4799
List the prime factors of 457888875.
3, 5, 37, 61, 541
List the prime factors of 803575181.
29, 27709489
List the prime factors of 5953727.
13, 457979
What are the prime factors of 83940792?
2, 3, 13, 269041
List the prime factors of 906752331.
3, 100750259
List the prime factors of 30385757.
89, 223, 1531
List the prime factors of 116003451.
3, 29, 127, 10499
List the prime factors of 397488336.
2, 3, 7, 37, 31973
What are the prime factors of 838892265?
3, 5, 229, 244219
List the prime factors of 2411130478.
2, 5101, 236339
List the prime factors of 1451223912.
2, 3, 60467663
What are the prime factors of 882538612?
2, 17, 23, 41, 13763
What are the prime factors of 450192?
2, 3, 83, 113
List the prime factors of 929085279.
3, 309695093
What are the prime factors of 169834943?
169834943
What are the prime factors of 2498007589?
7, 11, 89, 364513
What are the prime factors of 11434749?
3, 23, 165721
What are the prime factors of 99657708?
2, 3, 8304809
List the prime factors of 871339905.
3, 5, 19, 353, 2887
List the prime factors of 27084604.
2, 17, 398303
List the prime factors of 3992525983.
3992525983
What are the prime factors of 325685968?
2, 20355373
What are the prime factors of 1176080328?
2, 3, 587, 27827
What are the prime factors of 2888132915?
5, 16619, 34757
What are the prime factors of 34300369?
37, 43, 21559
What are the prime factors of 69630175?
5, 2785207
What are the prime factors of 211878751?
7, 30268393
What are the prime factors of 57465338?
2, 7, 17, 2029
What are the prime factors of 909248439?
3, 11, 19, 1450157
List the prime factors of 59587816.
2, 7448477
What are the prime factors of 42976844?
2, 10744211
List the prime factors of 2913333216.
2, 3, 30347221
What are the prime factors of 2196875113?
71, 2851, 10853
What are the prime factors of 580051557?
3, 53, 405347
List the prime factors of 12121377.
3, 4040459
List the prime factors of 125745987.
3, 41915329
List the prime factors of 32438912.
2, 11, 23039
What are the prime factors of 4641244852?
2, 109, 10645057
List the prime factors of 155244049.
53, 2929133
List the prime factors of 537006075.
3, 5, 7160081
List the prime factors of 821690607.
3, 823, 332803
List the prime factors of 47011114.
2, 61, 6317
List the prime factors of 193414347.
3, 7, 61, 50329
List the prime factors of 3613246549.
11, 19, 857, 20173
List the prime factors of 423047020.
2, 5, 11, 41, 46901
List the prime factors of 27325383.
3, 9108461
List the prime factors of 1031743408.
2, 64483963
What are the prime factors of 12494233?
173, 72221
List the prime factors of 3668563110.
2, 3, 5, 17, 423133
What are the prime factors of 1489673637?
3, 17, 23, 423323
What are the prime factors of 164695980?
2, 3, 5, 2744933
What are the prime factors of 755505783?
3, 317, 264811
List the prime factors of 73827968.
2, 29, 19889
What are the prime factors of 5227189614?
2, 3, 17, 727, 23497
List the prime factors of 632299441.
29, 21803429
What are the prime factors of 43484735?
5, 7, 1242421
List the prime factors of 1752779716.
2, 19, 23062891
What are the prime factors of 200386189?
23, 97, 89819
List the prime factors of 447508668.
2, 3, 107, 348527
List the prime factors of 735585731.
107, 6874633
List the prime factors of 31689777.
3, 7, 19, 79423
What are the prime factors of 892487014?
2, 446243507
List the prime factors of 3948803.
3948803
List the prime factors of 33142394.
2, 107, 154871
What are the prime factors of 2880868217?
19, 113, 499, 2689
List the prime factors of 67761789.
3, 61, 379, 977
List the prime factors of 4562876579.
41897, 108907
List the prime factors of 600179295.
3, 5, 2143, 18671
List the prime factors of 121378980.
2, 3, 5, 17, 127, 937
List the prime f